hen 5914 is divided by 116.
114
What is the remainder when 487 is divided by 39?
19
What is the remainder when 473 is divided by 34?
31
What is the remainder when 566 is divided by 21?
20
What is the remainder when 295 is divided by 44?
31
What is the remainder when 163 is divided by 56?
51
Calculate the remainder when 422 is divided by 265.
157
Calculate the remainder when 85 is divided by 29.
27
What is the remainder when 1262 is divided by 47?
40
What is the remainder when 36379 is divided by 17?
16
What is the remainder when 87 is divided by 11?
10
What is the remainder when 122 is divided by 31?
29
Calculate the remainder when 19 is divided by 11.
8
What is the remainder when 95 is divided by 5?
0
Calculate the remainder when 3866 is divided by 90.
86
What is the remainder when 215 is divided by 35?
5
What is the remainder when 22 is divided by 13?
9
Calculate the remainder when 1926 is divided by 46.
40
What is the remainder when 6370 is divided by 28?
14
Calculate the remainder when 2213 is divided by 10.
3
Calculate the remainder when 971 is divided by 12.
11
Calculate the remainder when 68 is divided by 20.
8
What is the remainder when 667 is divided by 218?
13
What is the remainder when 2191 is divided by 43?
41
Calculate the remainder when 46 is divided by 16.
14
What is the remainder when 284 is divided by 143?
141
What is the remainder when 811 is divided by 11?
8
What is the remainder when 111 is divided by 38?
35
Calculate the remainder when 791 is divided by 61.
59
Calculate the remainder when 22160 is divided by 37.
34
What is the remainder when 29 is divided by 12?
5
Calculate the remainder when 4047 is divided by 14.
1
What is the remainder when 119 is divided by 11?
9
What is the remainder when 201 is divided by 34?
31
What is the remainder when 119 is divided by 43?
33
What is the remainder when 234 is divided by 60?
54
What is the remainder when 4140 is divided by 112?
108
What is the remainder when 436 is divided by 24?
4
What is the remainder when 108 is divided by 5?
3
What is the remainder when 486 is divided by 61?
59
Calculate the remainder when 516 is divided by 28.
12
What is the remainder when 124 is divided by 30?
4
What is the remainder when 3438 is divided by 17?
4
Calculate the remainder when 151 is divided by 2.
1
Calculate the remainder when 622 is divided by 13.
11
What is the remainder when 150 is divided by 11?
7
Calculate the remainder when 527 is divided by 16.
15
Calculate the remainder when 304 is divided by 11.
7
Calculate the remainder when 210 is divided by 73.
64
What is the remainder when 212 is divided by 201?
11
What is the remainder when 1256 is divided by 74?
72
What is the remainder when 1527 is divided by 170?
167
What is the remainder when 3541 is divided by 46?
45
Calculate the remainder when 741 is divided by 93.
90
Calculate the remainder when 384 is divided by 379.
5
What is the remainder when 170 is divided by 90?
80
What is the remainder when 94 is divided by 54?
40
What is the remainder when 91 is divided by 31?
29
Calculate the remainder when 867 is divided by 31.
30
What is the remainder when 1260 is divided by 270?
180
What is the remainder when 167 is divided by 5?
2
What is the remainder when 124 is divided by 36?
16
What is the remainder when 23 is divided by 9?
5
What is the remainder when 367 is divided by 16?
15
Calculate the remainder when 874 is divided by 60.
34
Calculate the remainder when 6956 is divided by 15.
11
What is the remainder when 8170 is divided by 25?
20
What is the remainder when 147 is divided by 22?
15
What is the remainder when 1821 is divided by 305?
296
Calculate the remainder when 4338 is divided by 35.
33
Calculate the remainder when 21489 is divided by 7159.
12
Calculate the remainder when 9 is divided by 5.
4
Calculate the remainder when 458 is divided by 46.
44
What is the remainder when 303 is divided by 106?
91
What is the remainder when 42 is divided by 19?
4
What is the remainder when 58 is divided by 35?
23
What is the remainder when 2930 is divided by 369?
347
What is the remainder when 382 is divided by 178?
26
Calculate the remainder when 264 is divided by 38.
36
What is the remainder when 123 is divided by 36?
15
What is the remainder when 73 is divided by 40?
33
Calculate the remainder when 359 is divided by 20.
19
Calculate the remainder when 2658 is divided by 70.
68
What is the remainder when 1078 is divided by 352?
22
What is the remainder when 25 is divided by 13?
12
Calculate the remainder when 4804 is divided by 63.
16
What is the remainder when 915 is divided by 20?
15
Calculate the remainder when 18166 is divided by 46.
42
What is the remainder when 253 is divided by 64?
61
What is the remainder when 369 is divided by 63?
54
Calculate the remainder when 1212 is divided by 76.
72
What is the remainder when 209 is divided by 75?
59
What is the remainder when 587 is divided by 23?
12
Calculate the remainder when 58 is divided by 29.
0
Calculate the remainder when 16 is divided by 5.
1
What is the remainder when 2498 is divided by 61?
58
What is the remainder when 12 is divided by 6?
0
What is the remainder when 4590 is divided by 354?
342
What is the remainder when 170 is divided by 105?
65
What is the remainder when 801 is divided by 250?
51
What is the remainder when 414 is divided by 143?
128
What is the remainder when 12684 is divided by 6?
0
Calculate the remainder when 225 is divided by 128.
97
Calculate the remainder when 133 is divided by 5.
3
Calculate the remainder when 689 is divided by 122.
79
Calculate the remainder when 379 is divided by 58.
31
Calculate the remainder when 385 is divided by 38.
5
Calculate the remainder when 681 is divided by 28.
9
Calculate the remainder when 3598 is divided by 50.
48
What is the remainder when 2749 is divided by 11?
10
What is the remainder when 7998 is divided by 69?
63
Calculate the remainder when 846 is divided by 846.
0
What is the remainder when 278 is divided by 48?
38
Calculate the remainder when 204 is divided by 15.
9
Calculate the remainder when 1037 is divided by 9.
2
Calculate the remainder when 800 is divided by 81.
71
What is the remainder when 155 is divided by 44?
23
Calculate the remainder when 182 is divided by 16.
6
Calculate the remainder when 101 is divided by 44.
13
What is the remainder when 1096 is divided by 543?
10
Calculate the remainder when 706 is divided by 81.
58
What is the remainder when 439 is divided by 106?
15
Calculate the remainder when 1918 is divided by 55.
48
What is the remainder when 258 is divided by 26?
24
What is the remainder when 8099 is divided by 37?
33
What is the remainder when 856 is divided by 279?
19
Calculate the remainder when 340 is divided by 65.
15
What is the remainder when 107 is divided by 11?
8
What is the remainder when 3310 is divided by 13?
8
Calculate the remainder when 1739 is divided by 47.
0
Calculate the remainder when 18 is divided by 7.
4
Calculate the remainder when 18320 is divided by 12.
8
What is the remainder when 5504 is divided by 31?
17
What is the remainder when 141 is divided by 45?
6
Calculate the remainder when 1873 is divided by 59.
44
Calculate the remainder when 275 is divided by 16.
3
What is the remainder when 296 is divided by 61?
52
What is the remainder when 1019 is divided by 41?
35
What is the remainder when 321 is divided by 27?
24
Calculate the remainder when 537 is divided by 27.
24
Calculate the remainder when 151 is divided by 22.
19
Calculate the remainder when 75 is divided by 11.
9
What is the remainder when 1024 is divided by 506?
12
Calculate the remainder when 452 is divided by 451.
1
Calculate the remainder when 813 is divided by 268.
9
What is the remainder when 673 is divided by 261?
151
What is the remainder when 175 is divided by 9?
4
What is the remainder when 297 is divided by 96?
9
Calculate the remainder when 37 is divided by 2.
1
What is the remainder when 195 is divided by 6?
3
Calculate the remainder when 315 is divided by 27.
18
What is the remainder when 44656 is divided by 319?
315
What is the remainder when 20553 is divided by 36?
33
What is the remainder when 381 is divided by 27?
3
Calculate the remainder when 575 is divided by 165.
80
What is the remai